digit of 54417?
1
What is the units digit of 38297?
7
What is the hundreds digit of 899?
8
What is the tens digit of 45236?
3
What is the hundreds digit of 834?
8
What is the hundreds digit of 2706?
7
What is the hundreds digit of 22799?
7
What is the units digit of 3198?
8
What is the units digit of 8195?
5
What is the tens digit of 76195?
9
What is the tens digit of 660?
6
What is the hundreds digit of 39141?
1
What is the hundreds digit of 975?
9
What is the units digit of 7687?
7
What is the tens digit of 42647?
4
What is the ten thousands digit of 33803?
3
What is the units digit of 7214?
4
What is the tens digit of 177426?
2
What is the hundreds digit of 20415?
4
What is the units digit of 4722?
2
What is the thousands digit of 1147?
1
What is the tens digit of 66015?
1
What is the units digit of 380?
0
What is the units digit of 1885?
5
What is the units digit of 15728?
8
What is the hundreds digit of 14549?
5
What is the hundreds digit of 42579?
5
What is the hundreds digit of 20895?
8
What is the tens digit of 1335?
3
What is the thousands digit of 22612?
2
What is the units digit of 265?
5
What is the tens digit of 2909?
0
What is the tens digit of 2415?
1
What is the tens digit of 266?
6
What is the hundreds digit of 1782?
7
What is the tens digit of 2236?
3
What is the units digit of 8441?
1
What is the ten thousands digit of 10567?
1
What is the units digit of 26154?
4
What is the tens digit of 5601?
0
What is the units digit of 1545?
5
What is the hundreds digit of 787?
7
What is the tens digit of 949?
4
What is the hundreds digit of 8713?
7
What is the units digit of 2649?
9
What is the tens digit of 33963?
6
What is the units digit of 39261?
1
What is the thousands digit of 22543?
2
What is the tens digit of 5417?
1
What is the thousands digit of 5450?
5
What is the units digit of 815?
5
What is the units digit of 3336?
6
What is the units digit of 1385?
5
What is the tens digit of 1420?
2
What is the tens digit of 709?
0
What is the units digit of 852?
2
What is the thousands digit of 82567?
2
What is the units digit of 18644?
4
What is the units digit of 43844?
4
What is the thousands digit of 3353?
3
What is the units digit of 1393?
3
What is the thousands digit of 5965?
5
What is the hundreds digit of 2504?
5
What is the thousands digit of 9544?
9
What is the thousands digit of 1077?
1
What is the hundreds digit of 4558?
5
What is the units digit of 9533?
3
What is the tens digit of 11?
1
What is the hundreds digit of 24417?
4
What is the tens digit of 4248?
4
What is the hundreds digit of 8822?
8
What is the thousands digit of 4281?
4
What is the hundreds digit of 1101?
1
What is the thousands digit of 84121?
4
What is the hundreds digit of 9758?
7
What is the units digit of 7979?
9
What is the units digit of 2059?
9
What is the thousands digit of 29341?
9
What is the thousands digit of 1106?
1
What is the tens digit of 1006?
0
What is the units digit of 153?
3
What is the tens digit of 862?
6
What is the units digit of 1776?
6
What is the units digit of 4720?
0
What is the hundreds digit of 45368?
3
What is the hundreds digit of 2368?
3
What is the hundreds digit of 771?
7
What is the units digit of 3293?
3
What is the tens digit of 14986?
8
What is the thousands digit of 76466?
6
What is the thousands digit of 32356?
2
What is the tens digit of 3357?
5
What is the tens digit of 66991?
9
What is the hundreds digit of 269?
2
What is the thousands digit of 8619?
8
What is the thousands digit of 1282?
1
What is the units digit of 1598?
8
What is the thousands digit of 19521?
9
What is the units digit of 68731?
1
What is the units digit of 1185?
5
What is the thousands digit of 3202?
3
What is the ten thousands digit of 54798?
5
What is the units digit of 4521?
1
What is the hundreds digit of 1501?
5
What is the ten thousands digit of 12512?
1
What is the tens digit of 7800?
0
What is the units digit of 468?
8
What is the thousands digit of 1608?
1
What is the thousands digit of 1573?
1
What is the thousands digit of 8371?
8
What is the units digit of 675?
5
What is the units digit of 25659?
9
What is the hundreds digit of 33691?
6
What is the tens digit of 170?
7
What is the units digit of 1617?
7
What is the thousands digit of 18267?
8
What is the tens digit of 85092?
9
What is the thousands digit of 1000?
1
What is the hundreds digit of 3086?
0
What is the thousands digit of 1012?
1
What is the hundreds digit of 10613?
6
What is the units digit of 802?
2
What is the thousands digit of 162613?
2
What is the hundreds digit of 145901?
9
What is the units digit of 1320?
0
What is the hundreds digit of 12802?
8
What is the tens digit of 6263?
6
What is the tens digit of 38642?
4
What is the thousands digit of 1436?
1
What is the hundreds digit of 260?
2
What is the tens digit of 815?
1
What is the hundreds digit of 61271?
2
What is the tens digit of 94?
9
What is the tens digit of 29138?
3
What is the units digit of 7677?
7
What is the ten thousands digit of 18677?
1
What is the tens digit of 2713?
1
What is the units digit of 3090?
0
What is the hundreds digit of 177?
1
What is the hundreds digit of 364?
3
What is the units digit of 99?
9
What is the units digit of 4336?
6
What is the units digit of 94230?
0
What is the tens digit of 1844?
4
What is the tens digit of 35119?
1
What is the hundreds digit of 648?
6
What is the tens digit of 119?
1
What is the hundreds digit of 1630?
6
What is the units digit of 1143?
3
What is the hundreds digit of 1942?
9
What is the tens digit of 6084?
8
What is the thousands digit of 1558?
1
What is the hundreds digit of 2585?
5
What is the tens digit of 11283?
8
What is the units digit of 3075?
5
What is the thousands digit of 1064?
1
What is the units digit of 1075?
5
What is the tens digit of 2382?
8
What is the hundreds digit of 1195?
1
What is the tens digit of 546?
4
What is the tens digit of 47597?
9
What is the ten thousands digit of 14686?
1
What is the units digit of 824?
4
What is the hundreds digit of 16544?
5
What is the ten thousands digit of 31725?
3
What is the units digit of 2727?
7
What is the units digit of 181?
1
What is the thousands digit of 6855?
6
What is the tens digit of 181?
8
What is the units digit of 2659?
9
What is the tens digit of 3922?
2
What is the hundreds digit of 595?
5
What is the tens digit of 24713?
1
What is the hundreds digit of 480?
4
What is the thousands digit of 17715?
7
What is the tens digit of 2986?
8
What is the tens digit of 10954?
5
What is the tens digit of 12?
1
What is the tens digit of 148?
4
What is the thousands digit of 1306?
1
What is the units digit of 31247?
7
What is the hundreds digit of 2879?
8
What is the units digit of 4719?
9
What is the units digit of 7383?
3
What is the thousands digit of 5906?
5
What is the units digit of 1049?
9
What is the thousands digit of 3095?
3
What is the hundreds digit of 13671?
6
What is the units digit of 1876?
6
What is the ten thousands digit of 21187?
2
What is the hundreds digit of 54688?
6
What is the tens digit of 3128?
2
What is the units digit of 28207?
7
What is the hundreds digit of 1572?
5
What is the tens digit of 2535?
3
What is the units digit of 23975?
5
What is the units digit of 21694?
4
What is the units digit of 1944?
4
What is the hundreds digit of 4203?
2
What is the thousands digit of 7862?
7
What is the units digit of 153605?
5
What is the hundreds digit of 5234?
2
What is the tens digit of 1619?
1
What is the tens digit of 1845?
4
What is the hundreds digit of 26015?
0
What is the units digit of 28361?
1
What is the tens digit of 659?
5
What is the units digit of 7526?
6
What is the ten thousands digit of 19647?
1
What is the thousands digit of 15026?
5
What is the tens digit of 8876?
7
What is the units digit of 2144?
4
What is the units digit of 1554?
4
What is the tens digit of 3123?
2
What is the tens digit of 459?
5
What is the units digit of 10125?
5
What is the tens digit of 598?
9
What is the units digit of 27444?
4
What is the tens digit of 2854?
5
What is the units digit of 489?
9
What is the hundreds digit of 5058?
0
What is the thousands digit of 7185?
7
What is the tens digit of 1641?
4
What is the thousands digit of 27059?
7
What is the tens digit of 53